 -4*g. Let s(c) = g*c - 3 - 25*c**2 + 13*c**2 - c**3 + 15*c**2. Calculate s(3).
9
Let p(g) = -2*g**2 + 9*g + 4. Let a be p(4). Suppose 4*z + 3 = -1, 0 = -5*j - 3*z - a. Let u(n) = 1 - 2*n + 3*n - n**3 + n**2 + n. What is u(j)?
1
Let y(g) = -g + 5. Suppose 7 = 4*d - 1. Let s(l) = -l + 5. Let q be (-3 + (-18)/(-5))/(2/(-10)). Let k(h) = d*y(h) + q*s(h). Determine k(6).
1
Let a(l) be the third derivative of l**6/120 - l**5/60 + l**4/12 - l**3/3 - 266*l**2. What is a(0)?
-2
Let m(p) = 2*p - 403 - 399 + 806. Give m(-4).
-4
Let t(v) = v**3 + 3*v**2 - 1. Suppose -14*n + 35 - 63 = 0. Give t(n).
3
Suppose 13 = -5*o + 48. Let n(c) = 382*c - c**3 + 8*c**2 - 201*c - 190*c + 7. Determine n(o).
-7
Let c(s) = 9*s - 3. Let w(q) = q - 1. Let f(g) = -c(g) + 4*w(g). Let n = -285 + 283. Give f(n).
9
Suppose -8*p + 24 = -0*p. Suppose p*q + c + 19 = -q, -5*c - 5 = 5*q. Let v(k) = -k**2 - 6*k - 6. Calculate v(q).
-6
Let y(i) = 5*i**3 + i. Suppose x + 2 = 3. Let b be x + -2 - (-3 + 3). Determine y(b).
-6
Let r(n) = -2*n - 8. Suppose 39*p - 120 = 63*p. Calculate r(p).
2
Suppose g - 3*k = -13, 15*g - 3*k + 15 = 12*g. Suppose 10 = -s - 4*s, 3*q - s = 8. Let x(c) = -6*c**2 + 6*c**2 - c - 1 + 2*c**2 + 7*c**q. Determine x(g).
9
Let p(j) = -2*j - 2. Let b be p(-3). Let q(r) = -2*r - 3*r + b*r + 5 - 1. Give q(7).
-3
Suppose 3*x - 4 = 20. Let c(q) = q + x - 2*q**2 - 10 + q**2. Determine c(4).
-14
Let l(w) = -7*w**2 - 11*w + 6. Let h be (0 - -4)/4 + 4. Let d(u) = 3*u**2 + 5*u - 3. Let r(a) = h*d(a) + 2*l(a). Give r(-4).
1
Let u(c) be the third derivative of 1/60*c**5 + 0*c + 0*c**4 + 0*c**3 + 0 + 5*c**2. Give u(-2).
4
Let a(y) = y**2 + 7*y - 9. Let g = 404 - 413. Determine a(g).
9
Suppose 0 = 25*x - 142 + 42. Let r(o) be the second derivative of -o + 1/12*o**x + 2/3*o**3 + 0 - 2*o**2. Calculate r(-4).
-4
Let q(z) = -313*z + 647*z - 17 - 320*z. Suppose -2*p + 5*p - 19 = -5*o, -4 = -2*o. Let w(n) = 5*n - 6. Let h(f) = p*q(f) - 8*w(f). Determine h(4).
5
Let r(o) be the second derivative of 1/6*o**3 - 3*o**2 + o + 0. Let v = 69 - 64. Give r(v).
-1
Let b(p) = -p - 1. Let a be (72/45)/((-6)/(-15)*1). Give b(a).
-5
Let i = -3 + -3. Let w(a) = -a**2 - a - 3. Let n(q) = 5*q**2 + 3*q + 18. Let b(p) = -2*n(p) - 11*w(p). Give b(i).
3
Let z(m) = -m + 6*m**3 + 0 + 2*m - 1. Suppose -5*t = -3*t + 42. Let x = t + 22. What is z(x)?
6
Let l(a) = -114 - 117 - 12*a + 230. What is l(-2)?
23
Let z = 559 + -565. Let d(n) = -n**2 - 5*n + 7. Calculate d(z).
1
Suppose 6*o - 15*o = -9. Let r(l) = -2*l**3 - 2*l**2 + l. Give r(o).
-3
Let q(s) = s - 1. Let a = -7 + 12. Let f(t) = -4*t + t + 2*t + a - 8*t. Let m(z) = -f(z) - 6*q(z). Calculate m(-1).
-2
Let f(b) = -2*b. Let j(u) = -5*u - 6. Let y(k) = 4*f(k) - j(k). Determine y(-2).
12
Suppose -z - 17 - 1 = 5*c, -4*z = 4*c + 8. Let q be (9 - 12)/((-2)/z). Let p(j) = j**3 - j**2 - 3*j - 3. Calculate p(q).
6
Let q(r) = -5*r + 45*r**2 + 33*r**2 - 102*r**2 + 25*r**2 + 3. Let u = 8 + -5. What is q(u)?
-3
Let z(t) = -4*t. Let n be 9 + -14 - (-6)/(-2). Let o(f) = -f**2 - 10*f - 14. Let p be o(n). What is z(p)?
-8
Let k(g) be the first derivative of -3*g**4 + g**3/3 - 199. What is k(1)?
-11
Let v be 1/3*-3 - -4. Suppose v*j - 17 = -p, 0*j + j = 5*p + 27. Let d(w) = -w**2 + 4*w + 6. What is d(j)?
-15
Let s(h) = -2*h - 12. Let n(f) = f + 6. Let d(w) = 5*n(w) + 3*s(w). Let m = 1990 + -1997. What is d(m)?
1
Let s(n) = n**2 - n - 2. Let g = -28 + 32. Suppose -z - 73 = -2*m, -6*m - 232 = g*z - 2*m. Let y be (-203)/z - (-4)/(-18). Determine s(y).
4
Let w(n) = 2*n. Suppose y + 38 = 50. Let m = y - 14. Calculate w(m).
-4
Let l(v) = 256*v - 4. Let j be l(0). Let t(m) = -4*m**2 - 15*m - 5. Calculate t(j).
-9
Let n(j) = j**3 + 3*j**2 - 3*j + 4. Let x(l) = 4*l**2 + 84*l - 92. Let i be x(-22). Give n(i).
0
Let h(f) = f**3 + 6*f**2 + f - 5. Let o(y) = -y**3 - 53*y**2 + 109*y - 59. Let d be o(-55). Give h(d).
23
Let o(s) be the third derivative of 7*s**6/60 - s**5/60 + s**4/12 - s**3/6 + 218*s**2. Suppose 4*i = t + 2, 3*t - 8 = -2*i - 0. What is o(i)?
14
Suppose -5*k - 8*a - 25 = -7*a, 5*k + 5 = -5*a. Let u(q) = -q**3 - 6*q**2 + 3*q + 12. Let p be u(k). Let b(t) = -t + 2. What is b(p)?
8
Let l(u) = -u**2 - 12*u - 3. Let j = -292 + 279. Calculate l(j).
-16
Let y(c) = c**2 - 4*c + 6. Suppose -2*q = -2*l + 8, -9 = -2*l - 2*q - 1. Suppose -15 = l*i - 83. Let v = i - 13. Determine y(v).
6
Let u(a) be the second derivative of a**5/30 + a**4/8 + a**3/3 - 2*a. Let w(g) be the second derivative of u(g). Suppose 0*p - 5*p = 10. Determine w(p).
-5
Let d(l) = l**3 + 13*l**2 + 8*l - 3. Let k(z) = -z**3 - 12*z**2 - 6*z + 5. Let w(n) = -4*d(n) - 3*k(n). Calculate w(-15).
-18
Let f(p) = 12*p**3 - p**2. Let x be (((-3)/6)/1)/((-12)/(-24)). Calculate f(x).
-13
Let u(k) = -k**3 + 9*k**2 + 12*k - 15. Suppose 3*j + h + 3 = 0, -4*j - 10 = 4*h + 2. Suppose j = 2*f - 5 - 15. Give u(f).
5
Suppose p + 4*s = -33, -2*p - 44 = -3*s - 11. Let a = -23 - p. Let b(f) = 4*f**2 + 2*f + 1. Calculate b(a).
13
Let r(y) = -2*y**3 + 4*y**3 + 104 + 4*y**2 - y - 3*y**3 - 105. Give r(2).
5
Let k(y) = 7*y - 11. Let s(u) = -26*u + 45. Let b(o) = 22*k(o) + 6*s(o). Calculate b(15).
-2
Let c = -14 + -1. Let p = c + 10. Let b(a) = -6*a + 6*a**3 - 4*a**3 - 5 + 4*a**2 - a**3. Calculate b(p).
0
Let c = -436 - -442. Let a(i) = -i**2 + 3*i + 7. Determine a(c).
-11
Suppose 0 = 4*o - 2*i + 2, 0 + 12 = o + 2*i. Let a be ((-6)/12)/(2/(-92)). Let m(u) = -6*u + 23 - a. Give m(o).
-12
Let t(d) = -d**3 - 4*d**2 + 3*d - 3. Suppose -5*m - 4*q + 45 = 0, 50 = 6*m - m + 5*q. Let x be 4 + -2 + (m - 11). What is t(x)?
-15
Let k(d) = -d**3 + 4*d + 4. Let x(i) = 2*i**2 + i + 2. Let j(r) = -k(r) - 6*x(r). Give j(13).
23
Let b(z) be the third derivative of z**7/2520 - z**6/144 - z**5/120 - z**4/2 - 2*z**2. Let j(s) be the second derivative of b(s). Calculate j(5).
-1
Let v(c) be the third derivative of c**4/24 + 7*c**3/3 - 16*c**2. Determine v(-13).
1
Let m(y) = -7*y**2 - 19*y + 13. Let l(t) = 11*t**2 + 28*t - 20. Let o(k) = 5*l(k) + 8*m(k). Let s be o(-12). Let q(d) = -d**3 + 4*d**2 - d - 1. What is q(s)?
-5
Let s = 2 + 4. Let d(t) be the second derivative of -t**4/4 + t**3 - 3*t**2/2 + 8*t. Let f(w) = 7*w**2 - 11*w + 5. Let c(m) = 5*d(m) + 2*f(m). What is c(s)?
7
Let j(t) = -4*t - 10. Let c(q) = -5*q - 11. Let o(g) = 5*c(g) - 6*j(g). Give o(-6).
11
Let k(h) = -3*h + 15 + 0 + 15*h**2 - 11*h**2 - 7 - 6. Give k(1).
3
Suppose 3*q - 3*u = 0, -1 = -q + 2*u - 3. Suppose m - 4 = -4*c, -5*m = 2*c + 7 - 27. Let y(a) = -a**2 + 2*a + c*a**q + 3*a. Determine y(6).
-6
Let z(v) = -v**3 - v + 1. Let b(m) = -6*m**3 - 9*m**2 - 12*m + 3. Let g(w) = b(w) - 5*z(w). Determine g(-8).
-10
Suppose 4*u = 2*o + 4, 4*o - u = 3*u. Suppose -5*a + 2*p = -23, -2*a - 5 = -o*p - 19. Let q(r) = r**3 - 3*r**2 + 2*r + 3. Give q(a).
9
Let m(w) = -6*w + 6. Let o(d) = 5*d - 6. Let v(s) = 6*m(s) + 7*o(s). Suppose 2*z - 8 = 5*q, 4*z - 5*q + 4 = -0*q. What is v(z)?
0
Let h(y) be the second derivative of 5*y**3/6 - y**2 + 10*y - 6. What is h(8)?
38
Let y(t) = -t**3 + 10*t**2 + 24*t + 4. Suppose 2*s - 12 = -4*x, 17*s - 54 = 12*s - 2*x. What is y(s)?
4
Let z = -5 + 10. Suppose 24 = -0*x + x - z*k, 0 = x + k. Let n(g) = -25 + 29 + 0*g**3 + g**3 + 2*g + x*g**2. Determine n(-4).
-4
Let d(q) = 6*q + 23 + 1 - 4*q. What is d(-16)?
-8
Let u(v) = v + 5. Let x(p) = -91*p - 467. Let h be x(-5). Give u(h).
-7
Let z(j) = -6*j - 5 - 2*j**2 - 4*j**2 - 2 + 4*j**2 - 9*j. Determine z(-7).
0
Let c(z) = z**3 + 8*z**2 + 7*z - 12. Let v be c(-6). Let l(w) = -46 + v + w + 21. Calculate l(6).
-1
Suppose 4*s - 19 - 1 = 0, 12 = -p + 4*s. Let c(i) be the first derivative of -3*i**2/2 + 2*i - 6904. Determine c(p).
-22
Suppose -5*t = 5*y - 10, -5*t + 5*y = -3*t - 11. Let f(u) = 5*u**2 + 11*u. Let l(i) = -4*i**2 - 10*i. Let j(x) = -6*f(x) - 7*l(x). Give j(t).
-6
Let s(f) be the first derivative of f**4/4 + 5*f**3/3 - 5*f**2/2 + 87. Give s(-6).
-6
Let s(w) = -6*w**2 - 2*w - 1 + 4*w - 8*w**2. Let n = 49 + -47. Suppose 3*c - n*c + 4 = l, -4*c = -5*l + 21. Calculate s(c).
-13
Suppose -5*y = l - y + 1, l - y = 4. Let a(i) = 0 + 4 - 4*i + 0*i + 2*i**2 - 2. Give a(l).
8
Let c(k) = k**3 - 3*k**2 - 3*k. Let w = -2669 - -2673. Give c(w).
4
Suppose -30 = 5*n + t - 5*t, 2*n + 12 = -5*t. Let l = n - -7. Let c(o) = -l - 7*o**2 - 2 + o